{"id":79,"date":"2018-11-29T11:18:01","date_gmt":"2018-11-29T11:18:01","guid":{"rendered":"http:\/\/sunandmore.de\/?page_id=79"},"modified":"2018-11-29T11:18:01","modified_gmt":"2018-11-29T11:18:01","slug":"impressum","status":"publish","type":"page","link":"https:\/\/sunandmore.de\/?page_id=79","title":{"rendered":"Impressum"},"content":{"rendered":"<p>Inhaber des Unternehmens: <br \/>C\u00e4sariusstra\u00dfe 85<\/p>\n<p>Deutschland<br \/>Email: <a href=\"mailto:info@sunandmore.de\">info@sunandmore.de<\/a><br \/>Telefon: 02223 4555<\/p>\n<p>Verantwortlich f\u00fcr den Inhalt: T\u00fclay Imamoglu<\/p>\n\n","protected":false},"excerpt":{"rendered":"Inhaber des Unternehmens: C\u00e4sariusstra\u00dfe 85 DeutschlandEmail: info@sunandmore.deTelefon: 02223 4555 Verantwortlich f\u00fcr den Inhalt: T\u00fclay Imamoglu","protected":false},"author":1,"featured_media":0,"parent":0,"menu_order":0,"comment_status":"closed","ping_status":"closed","template":"","meta":{"footnotes":""},"class_list":["post-79","page","type-page","status-publish","hentry"],"_links":{"self":[{"href":"https:\/\/sunandmore.de\/index.php?rest_route=\/wp\/v2\/pages\/79","targetHints":{"allow":["GET"]}}],"collection":[{"href":"https:\/\/sunandmore.de\/index.php?rest_route=\/wp\/v2\/pages"}],"about":[{"href":"https:\/\/sunandmore.de\/index.php?rest_route=\/wp\/v2\/types\/page"}],"author":[{"embeddable":true,"href":"https:\/\/sunandmore.de\/index.php?rest_route=\/wp\/v2\/users\/1"}],"replies":[{"embeddable":true,"href":"https:\/\/sunandmore.de\/index.php?rest_route=%2Fwp%2Fv2%2Fcomments&post=79"}],"version-history":[{"count":0,"href":"https:\/\/sunandmore.de\/index.php?rest_route=\/wp\/v2\/pages\/79\/revisions"}],"wp:attachment":[{"href":"https:\/\/sunandmore.de\/index.php?rest_route=%2Fwp%2Fv2%2Fmedia&parent=79"}],"curies":[{"name":"wp","href":"https:\/\/api.w.org\/{rel}","templated":true}]}}